{"id":1365,"date":"2021-09-05T20:25:14","date_gmt":"2021-09-05T20:25:14","guid":{"rendered":"https:\/\/location-tignes-lavachet.ovh\/?page_id=1365"},"modified":"2022-05-22T18:22:33","modified_gmt":"2022-05-22T18:22:33","slug":"hiver-2021-2022","status":"publish","type":"page","link":"https:\/\/location-tignes-lavachet.ovh\/index.php\/hiver-2021-2022\/","title":{"rendered":"HIVER 2021-2022"},"content":{"rendered":"<div id=\"pl-1365\"  class=\"panel-layout\" ><div id=\"pg-1365-0\"  class=\"panel-grid panel-has-style\" ><div class=\"siteorigin-panels-stretch panel-row-style panel-row-style-for-1365-0\" data-stretch-type=\"full-stretched\" ><div id=\"pgc-1365-0-0\"  class=\"panel-grid-cell panel-grid-cell-empty\" ><\/div><\/div><\/div><div id=\"pg-1365-1\"  class=\"panel-grid panel-has-style\" ><div class=\"siteorigin-panels-stretch panel-row-style panel-row-style-for-1365-1\" data-stretch-type=\"full-stretched\" ><div id=\"pgc-1365-1-0\"  class=\"panel-grid-cell panel-grid-cell-empty\" ><\/div><div id=\"pgc-1365-1-1\"  class=\"panel-grid-cell\" ><div id=\"panel-1365-1-1-0\" class=\"so-panel widget widget_siteorigin-panels-builder panel-first-child panel-last-child\" data-index=\"0\" ><div class=\"panel-widget-style panel-widget-style-for-1365-1-1-0\" ><div id=\"pl-w61352a7a92b92\"  class=\"panel-layout\" ><div id=\"pg-w61352a7a92b92-0\"  class=\"panel-grid panel-no-style\" ><div id=\"pgc-w61352a7a92b92-0-0\"  class=\"panel-grid-cell\" ><div id=\"panel-w61352a7a92b92-0-0-0\" class=\"so-panel widget widget_sow-editor panel-first-child panel-last-child\" data-index=\"0\" ><div class=\"panel-widget-style panel-widget-style-for-w61352a7a92b92-0-0-0\" ><div\n\t\t\t\n\t\t\tclass=\"so-widget-sow-editor so-widget-sow-editor-base\"\n\t\t\t\n\t\t>\n<div class=\"siteorigin-widget-tinymce textwidget\">\n\t<h6><span style=\"color: #000000;\">\n<table id=\"tablepress-14\" class=\"tablepress tablepress-id-14\">\n<thead>\n<tr class=\"row-1\">\n\t<th class=\"column-1\">SEMAINE<\/th><th class=\"column-2\">DUREE<\/th><th class=\"column-3\">DATE<\/th><th class=\"column-4\">PRIX (\u20ac)<\/th><th class=\"column-5\">DISPONIBILIT\u00c9<\/th>\n<\/tr>\n<\/thead>\n<tbody class=\"row-striping row-hover\">\n<tr class=\"row-2\">\n\t<td class=\"column-1\">6<\/td><td class=\"column-2\">7 jours samedi\/samedi<\/td><td class=\"column-3\">Du 05\/02 au 12\/02\/22<\/td><td class=\"column-4\"><\/td><td class=\"column-5\">R\u00e9serv\u00e9<\/td>\n<\/tr>\n<tr class=\"row-3\">\n\t<td class=\"column-1\">7<\/td><td class=\"column-2\">7 jours samedi\/samedi<\/td><td class=\"column-3\">Du 12\/02 au 19\/02\/22<\/td><td class=\"column-4\"><\/td><td class=\"column-5\">R\u00e9serv\u00e9<\/td>\n<\/tr>\n<tr class=\"row-4\">\n\t<td class=\"column-1\">8<\/td><td class=\"column-2\">7 jours samedi\/samedi<\/td><td class=\"column-3\">Du 19\/02 au 26\/02\/22<\/td><td class=\"column-4\"><\/td><td class=\"column-5\">R\u00e9serv\u00e9 <\/td>\n<\/tr>\n<tr class=\"row-5\">\n\t<td class=\"column-1\">9<\/td><td class=\"column-2\">7 jours samedi\/samedi<br \/>\n<\/td><td class=\"column-3\">Du 26\/02 au 05\/03\/22<\/td><td class=\"column-4\"><\/td><td class=\"column-5\">R\u00e9serv\u00e9<\/td>\n<\/tr>\n<tr class=\"row-6\">\n\t<td class=\"column-1\">10<\/td><td class=\"column-2\">7 jours samedi\/samedi<br \/>\n<\/td><td class=\"column-3\">Du 05\/03 au 12\/03\/22<\/td><td class=\"column-4\"><\/td><td class=\"column-5\">R\u00e9serv\u00e9<\/td>\n<\/tr>\n<tr class=\"row-7\">\n\t<td class=\"column-1\">11<\/td><td class=\"column-2\">7 jours samedi\/samedi<\/td><td class=\"column-3\">Du 12\/03 au 19\/03\/22<\/td><td class=\"column-4\"><\/td><td class=\"column-5\">R\u00e9serv\u00e9<\/td>\n<\/tr>\n<tr class=\"row-8\">\n\t<td class=\"column-1\">12<\/td><td class=\"column-2\">7 jours samedi\/samedi<\/td><td class=\"column-3\">Du 19\/03 au 26\/03\/22<\/td><td class=\"column-4\">750<\/td><td class=\"column-5\"><\/td>\n<\/tr>\n<tr class=\"row-9\">\n\t<td class=\"column-1\">13<\/td><td class=\"column-2\">7 jours samedi\/samedi<\/td><td class=\"column-3\">Du 26\/03 au 02\/04\/22<\/td><td class=\"column-4\">750<\/td><td class=\"column-5\"><\/td>\n<\/tr>\n<tr class=\"row-10\">\n\t<td class=\"column-1\">14<\/td><td class=\"column-2\">7 jours samedi\/samedi <\/td><td class=\"column-3\">Du 02\/04 au 09\/04\/22<\/td><td class=\"column-4\">750<\/td><td class=\"column-5\"><\/td>\n<\/tr>\n<tr class=\"row-11\">\n\t<td class=\"column-1\">15<\/td><td class=\"column-2\">7 jours samedi\/samedi<\/td><td class=\"column-3\">Du 09\/04 au 16\/04\/22<\/td><td class=\"column-4\">750<\/td><td class=\"column-5\"><\/td>\n<\/tr>\n<tr class=\"row-12\">\n\t<td class=\"column-1\">16<\/td><td class=\"column-2\">7 jours samedi\/samedi<\/td><td class=\"column-3\">Du 16\/04 au 23\/04\/22<\/td><td class=\"column-4\">750<\/td><td class=\"column-5\"><\/td>\n<\/tr>\n<tr class=\"row-13\">\n\t<td class=\"column-1\">17<\/td><td class=\"column-2\">7 jours samedi\/samedi<\/td><td class=\"column-3\">Du 23\/04 au 30\/04\/22<\/td><td class=\"column-4\">650<\/td><td class=\"column-5\"><\/td>\n<\/tr>\n<tr class=\"row-14\">\n\t<td class=\"column-1\">18<\/td><td class=\"column-2\">7 jours samedi\/samedi<br \/>\n<\/td><td class=\"column-3\">Du 30\/04 au 07\/05\/22<\/td><td class=\"column-4\">550<\/td><td class=\"column-5\"><\/td>\n<\/tr>\n<\/tbody>\n<\/table>\n<\/span><\/h6>\n<h5><em><span style=\"color: #ff9900;\"><strong>Informations compl\u00e9mentaires<\/strong> :<\/span><\/em><\/h5>\n<h5><span style=\"color: #000000;\"><em>Taxe de s\u00e9jour en sus 1,65\u20ac\/jour\/adulte.<\/em><\/span><br \/>\n<span style=\"color: #000000;\"><em>Acompte de 30 %.\u00a0<\/em><\/span><span style=\"color: #000000;\"><em>Caution de 500 \u20ac appartement et 60\u20ac m\u00e9nage.<\/em><\/span><br \/>\n<span style=\"color: #000000;\"><em>Un contrat de location sera \u00e9tabli. Le solde sera demand\u00e9 15 jours avant la remise des cl\u00e9s.<\/em><\/span><br \/>\n<span style=\"color: #000000;\"><em>Prix d\u00e9gressif pour toute r\u00e9servation sup\u00e9rieure ou \u00e9gale \u00e0 2 semaines.<\/em><\/span><\/h5>\n<h5><em><span style=\"color: #000000;\"><span style=\"color: #ff0000;\">* COVID19<\/span> : Remboursement int\u00e9gral de votre voyage, jusqu'\u00e0 la veille du d\u00e9part, (remboursement dans un d\u00e9lai de 30 jours maximum), si votre s\u00e9jour est rendu impossible pour toutes les causes li\u00e9es au COVID-19 suivantes :<\/span><\/em><\/h5>\n<h5 style=\"padding-left: 40px;\"><em><span style=\"color: #000000;\">- D\u00e9cision gouvernementale restrictive de d\u00e9placements<\/span><\/em><br \/>\n<em><span style=\"color: #000000;\">- R\u00e9quisition de certaines professions<\/span><\/em><br \/>\n<em><span style=\"color: #000000;\">- Fermeture de la station ou des remont\u00e9es m\u00e9caniques pour des raisons sanitaires<\/span><\/em><\/h5>\n<\/div>\n<\/div><\/div><\/div><\/div><\/div><\/div><\/div><\/div><\/div><div id=\"pgc-1365-1-2\"  class=\"panel-grid-cell panel-grid-cell-mobile-last\" ><div id=\"panel-1365-1-2-0\" class=\"so-panel widget widget_sow-editor panel-first-child panel-last-child\" data-index=\"1\" ><div class=\"panel-widget-style panel-widget-style-for-1365-1-2-0\" ><div\n\t\t\t\n\t\t\tclass=\"so-widget-sow-editor so-widget-sow-editor-base\"\n\t\t\t\n\t\t>\n<div class=\"siteorigin-widget-tinymce textwidget\">\n\t<h3><span style=\"color: #000000;\"><strong><em>TIGNES : DES VACANCES A LA MONTAGNE COMME ON EN REVE !<\/em><\/strong><\/span><\/h3>\n<h4 style=\"text-align: left;\"><span style=\"color: #000000;\"><strong>\u00c0 Tignes, les vacances en montagne se savourent seul, entre amis ou en famille, mais avec toujours le m\u00eame plaisir ! Le ski, mais aussi bien d\u2019autres activit\u00e9s de montagne feront battre votre c\u0153ur durant votre s\u00e9jour riche en \u00e9motions.<\/strong><\/span><\/h4>\n<h4><strong><span style=\"color: #ff0000;\">COVID19 : Annulation 100% gratuite *<\/span><\/strong><\/h4>\n<h3 style=\"text-align: justify;\"><span style=\"color: #000000;\"><strong>R\u00e9servation et contact :<\/strong><\/span><\/h3>\n<h4 style=\"text-align: justify;\"><strong><span style=\"color: #000000;\">Nous sommes \u00e0 votre \u00e9coute pour r\u00e9pondre \u00e0 vos interrogations ou si vous avez \u00a0besoin d\u2019informations compl\u00e9mentaires sur notre appartement en location \u00e0 Tignes.<\/span><\/strong><\/h4>\n<h4 style=\"text-align: justify;\"><strong><span style=\"color: #000000;\">Pour toute demande de renseignement ou r\u00e9servation, vous pouvez nous \u00e9crire \u00e0 <span style=\"color: #0000ff;\"><a style=\"color: #0000ff;\" href=\"mailto:location-tignes-lavachet@outlook.fr\">location-tignes-lavachet@outlook.fr<\/a><\/span><\/span><\/strong><\/h4>\n<\/div>\n<\/div><\/div><\/div><\/div><div id=\"pgc-1365-1-3\"  class=\"panel-grid-cell panel-grid-cell-empty\" ><\/div><\/div><\/div><\/div>","protected":false},"excerpt":{"rendered":"<p>TIGNES : DES VACANCES A LA MONTAGNE COMME ON EN REVE ! \u00c0 Tignes, les vacances en montagne se savourent seul, entre amis ou en famille, mais avec toujours le m\u00eame plaisir ! Le ski, mais aussi bien d\u2019autres activit\u00e9s de montagne feront battre votre c\u0153ur durant votre s\u00e9jour riche en \u00e9motions. COVID19 : Annulation [&hellip;]<\/p>\n","protected":false},"author":1,"featured_media":0,"parent":0,"menu_order":0,"comment_status":"closed","ping_status":"closed","template":"","meta":{"ngg_post_thumbnail":0,"footnotes":""},"class_list":["post-1365","page","type-page","status-publish","hentry"],"_links":{"self":[{"href":"https:\/\/location-tignes-lavachet.ovh\/index.php\/wp-json\/wp\/v2\/pages\/1365","targetHints":{"allow":["GET"]}}],"collection":[{"href":"https:\/\/location-tignes-lavachet.ovh\/index.php\/wp-json\/wp\/v2\/pages"}],"about":[{"href":"https:\/\/location-tignes-lavachet.ovh\/index.php\/wp-json\/wp\/v2\/types\/page"}],"author":[{"embeddable":true,"href":"https:\/\/location-tignes-lavachet.ovh\/index.php\/wp-json\/wp\/v2\/users\/1"}],"replies":[{"embeddable":true,"href":"https:\/\/location-tignes-lavachet.ovh\/index.php\/wp-json\/wp\/v2\/comments?post=1365"}],"version-history":[{"count":0,"href":"https:\/\/location-tignes-lavachet.ovh\/index.php\/wp-json\/wp\/v2\/pages\/1365\/revisions"}],"wp:attachment":[{"href":"https:\/\/location-tignes-lavachet.ovh\/index.php\/wp-json\/wp\/v2\/media?parent=1365"}],"curies":[{"name":"wp","href":"https:\/\/api.w.org\/{rel}","templated":true}]}}